{"id":107,"date":"2021-11-13T01:39:09","date_gmt":"2021-11-13T01:39:09","guid":{"rendered":"https:\/\/wasingerlaw.ch\/?page_id=107"},"modified":"2021-12-10T11:35:00","modified_gmt":"2021-12-10T11:35:00","slug":"steuerrecht","status":"publish","type":"page","link":"https:\/\/wasingerlaw.ch\/index.php\/steuerrecht\/","title":{"rendered":"Steuerrecht"},"content":{"rendered":"\n<p><strong>Steuererkl\u00e4rung <\/strong>&#8211; Erstellen der j\u00e4hrlichen Steuerdeklaration f\u00fcr nat\u00fcrliche Personen und Pr\u00fcfung der Veranlagungsverf\u00fcgungen sowie Einsch\u00e4tzungsentscheide, insb. bei Immobilienbesitz in verschiedenen Kantonen\/Ausland, Vertretung von Auslandschweizern mit beschr\u00e4nkter Steuerpflicht in der Schweiz<\/p>\n\n\n\n<p><strong>Steuerangelegenheiten im Todesfall<\/strong>&nbsp;\u2013 Erstellen von Steuerinventar per Todestag, letzte Steuererkl\u00e4rung bis Todestag, R\u00fcckforderung Verrechnungssteuern, definitive Veranlagungen aller Steuerentscheide<\/p>\n\n\n\n<p><strong>Nachsteuerverfahren im Todesfall<\/strong>&nbsp;\u2013 Nachdeklaration unversteuerter Verm\u00f6genswerte<\/p>\n\n\n\n<p><strong>Erbschafts- und Schenkungssteuern&nbsp;<\/strong>&#8211; Abkl\u00e4rung von Steuerpflicht und Steuers\u00e4tzen<\/p>\n\n\n\n<p><strong>Grundst\u00fcckgewinnsteuern<\/strong>&nbsp;\u2013 Steuerdeklaration nach Immobilienverk\u00e4ufen<\/p>\n","protected":false},"excerpt":{"rendered":"<p>Steuererkl\u00e4rung &#8211; Erstellen der j\u00e4hrlichen Steuerdeklaration f\u00fcr nat\u00fcrliche Personen und Pr\u00fcfung der Veranlagungsverf\u00fcgungen sowie Einsch\u00e4tzungsentscheide, insb. bei Immobilienbesitz in verschiedenen Kantonen\/Ausland, Vertretung von Auslandschweizern mit beschr\u00e4nkter Steuerpflicht in der Schweiz Steuerangelegenheiten im Todesfall&nbsp;\u2013 Erstellen von Steuerinventar per Todestag, letzte Steuererkl\u00e4rung bis Todestag, R\u00fcckforderung Verrechnungssteuern, definitive Veranlagungen aller Steuerentscheide Nachsteuerverfahren im Todesfall&nbsp;\u2013 Nachdeklaration unversteuerter Verm\u00f6genswerte Erbschafts- <a href=\"https:\/\/wasingerlaw.ch\/index.php\/steuerrecht\/\" class=\"read-more inline\">Read More<\/a><\/p>\n","protected":false},"author":1,"featured_media":31,"parent":0,"menu_order":0,"comment_status":"closed","ping_status":"closed","template":"template-full-width.php","meta":{"footnotes":""},"class_list":["post-107","page","type-page","status-publish","has-post-thumbnail","hentry"],"aioseo_notices":[],"_links":{"self":[{"href":"https:\/\/wasingerlaw.ch\/index.php\/wp-json\/wp\/v2\/pages\/107","targetHints":{"allow":["GET"]}}],"collection":[{"href":"https:\/\/wasingerlaw.ch\/index.php\/wp-json\/wp\/v2\/pages"}],"about":[{"href":"https:\/\/wasingerlaw.ch\/index.php\/wp-json\/wp\/v2\/types\/page"}],"author":[{"embeddable":true,"href":"https:\/\/wasingerlaw.ch\/index.php\/wp-json\/wp\/v2\/users\/1"}],"replies":[{"embeddable":true,"href":"https:\/\/wasingerlaw.ch\/index.php\/wp-json\/wp\/v2\/comments?post=107"}],"version-history":[{"count":4,"href":"https:\/\/wasingerlaw.ch\/index.php\/wp-json\/wp\/v2\/pages\/107\/revisions"}],"predecessor-version":[{"id":237,"href":"https:\/\/wasingerlaw.ch\/index.php\/wp-json\/wp\/v2\/pages\/107\/revisions\/237"}],"wp:featuredmedia":[{"embeddable":true,"href":"https:\/\/wasingerlaw.ch\/index.php\/wp-json\/wp\/v2\/media\/31"}],"wp:attachment":[{"href":"https:\/\/wasingerlaw.ch\/index.php\/wp-json\/wp\/v2\/media?parent=107"}],"curies":[{"name":"wp","href":"https:\/\/api.w.org\/{rel}","templated":true}]}}